{"id":12,"date":"2018-12-06T10:09:13","date_gmt":"2018-12-06T10:09:13","guid":{"rendered":"https:\/\/www.frauen-in-nuernberg.de\/?page_id=12"},"modified":"2025-06-01T17:08:53","modified_gmt":"2025-06-01T17:08:53","slug":"a-z","status":"publish","type":"page","link":"https:\/\/www.frauen-in-nuernberg.de\/?page_id=12","title":{"rendered":"Von A bis Z"},"content":{"rendered":"<div id=\"content\">\n<p><strong>\u00a0<\/strong><\/p>\n<p><strong><img loading=\"lazy\" decoding=\"async\" class=\"wp-image-481 alignleft\" src=\"https:\/\/www.frauen-in-nuernberg.de\/wp-content\/uploads\/2019\/07\/AURA-Logo-sw-300x300.jpg\" alt=\"\" width=\"105\" height=\"105\" srcset=\"https:\/\/www.frauen-in-nuernberg.de\/wp-content\/uploads\/2019\/07\/AURA-Logo-sw-300x300.jpg 300w, https:\/\/www.frauen-in-nuernberg.de\/wp-content\/uploads\/2019\/07\/AURA-Logo-sw-150x150.jpg 150w, https:\/\/www.frauen-in-nuernberg.de\/wp-content\/uploads\/2019\/07\/AURA-Logo-sw.jpg 354w\" sizes=\"auto, (max-width: 105px) 100vw, 105px\" \/><\/strong><\/p>\n<p class=\"bodytext\" style=\"text-align: left;\"><span style=\"color: #b2167f;\"><strong>A<\/strong><strong>U<\/strong><strong>RA N\u00fcrnberg e.V.<\/strong><\/span><br \/>\nselbstst\u00e4rken &#8211; selbstbehaupten &#8211; selbstverteidigen<br \/>\nKurse \/ Information \/ Beratung von Frauen f\u00fcr Frauen und M\u00e4dchen,<br \/>\nGlei\u00dfb\u00fchlstra\u00dfe 10, 90402 N\u00fcrnberg<br \/>\nTel. 0911\/28 46 29,\u00a0 Fax\u00a003212\/ 28 46 299<br \/>\ne-mail: <a href=\"mailto:info@aura-nuernberg.de\" target=\"_blank\" rel=\"noopener\">info@aura-nuernberg.de<\/a><br \/>\nInternet:\u00a0<a class=\"external-link-new-window\" title=\"\" href=\"http:\/\/www.aura-nuernberg.de\/\" target=\"_blank\" rel=\"noopener\">http:\/\/www.aura-nuernberg.de<\/a><\/p>\n<p class=\"bodytext\"><strong><img loading=\"lazy\" decoding=\"async\" class=\"wp-image-494 alignleft\" src=\"https:\/\/www.frauen-in-nuernberg.de\/wp-content\/uploads\/2019\/07\/Logo-dd-11-2014-1-208x300.jpg\" alt=\"\" width=\"61\" height=\"88\" srcset=\"https:\/\/www.frauen-in-nuernberg.de\/wp-content\/uploads\/2019\/07\/Logo-dd-11-2014-1-208x300.jpg 208w, https:\/\/www.frauen-in-nuernberg.de\/wp-content\/uploads\/2019\/07\/Logo-dd-11-2014-1.jpg 517w\" sizes=\"auto, (max-width: 61px) 100vw, 61px\" \/><span style=\"color: #b2167f;\">dick und d\u00fcnn N\u00fcrnberg e.V.<\/span><br \/>\n<\/strong>Fachberatung bei Essst\u00f6rungen<br \/>\nK\u00fchnertsgasse 24, 90402 N\u00fcrnberg, Tel. 0911\/47 17 11<br \/>\nInternet:\u00a0<a class=\"external-link-new-window\" title=\"\" href=\"http:\/\/www.essstoerungen-mittelfranken.de\/\" target=\"_blank\" rel=\"noopener\">http:\/\/www.essstoerungen-mittelfranken.de<\/a><\/p>\n<p class=\"bodytext\"><span style=\"color: #b2167f;\"><strong>FMGZ Frauen &amp; M\u00e4dchen Gesundheitszentrum N\u00fcrnberg e.V.\u00a0<\/strong><\/span><br \/>\nF\u00fcrt<span style=\"color: #b2167f;\"><strong><img loading=\"lazy\" decoding=\"async\" class=\"alignleft wp-image-520\" src=\"https:\/\/www.frauen-in-nuernberg.de\/wp-content\/uploads\/2019\/07\/FMGZ-Logo-300x248.jpg\" alt=\"\" width=\"87\" height=\"72\" srcset=\"https:\/\/www.frauen-in-nuernberg.de\/wp-content\/uploads\/2019\/07\/FMGZ-Logo-300x248.jpg 300w, https:\/\/www.frauen-in-nuernberg.de\/wp-content\/uploads\/2019\/07\/FMGZ-Logo.jpg 480w\" sizes=\"auto, (max-width: 87px) 100vw, 87px\" \/><\/strong><\/span>her Stra\u00dfe 154 RG, 90429 N\u00fcrnberg<br \/>\nTel. 0911\/32 82 62, Fax 0911\/32 68 709<br \/>\ne-mail:\u00a0<a href=\"mailto:info@fmgz-nuernberg.de\">info@fmgz-nuernberg.de<\/a><a class=\"mail\" title=\"\" href=\"mailto:fgz@fen-net.de\"><br \/>\n<\/a>Internet:\u00a0<a class=\"external-link-new-window\" title=\"\" href=\"http:\/\/www.fmgz-nuernberg.de\/\" target=\"_blank\" rel=\"noopener\">www.fmgz-nuernberg.de<\/a><\/p>\n<p class=\"bodytext\"><span style=\"color: #b2167f;\"><strong>FRAUENHAUS N\u00fcrnberg<\/strong><\/span><br \/>\nPostfach 910208, 90260 N\u00fcrnberg, Tel. 0911\/33 39 15<br \/>\nInternet:\u00a0<a href=\"http:\/\/www.frauenhaus-nbg.de\" target=\"_blank\" rel=\"noopener\">http:\/\/www.frauenhaus-nbg.de<\/a><br \/>\ne-mail:\u00a0<a href=\"mailto:info@frauenhaus-nbg.de\">info@frauenhaus-nbg.de<\/a><\/p>\n<p class=\"bodytext\"><strong><span style=\"color: #b2167f;\">Beratungstelle des Frauenhauses<\/span><br \/>\n<\/strong>Beratung bei h\u00e4uslicher Gewalt und Stalking<strong><br \/>\n<\/strong>Frauenholzstra\u00dfe 1, 90419 N\u00fcrnberg, Tel. 0911\/378 88 78<br \/>\nInternet:\u00a0<a href=\"http:\/\/www.frauenhaus-nbg.de\" target=\"_blank\" rel=\"noopener\">http:\/\/www.frauenhaus-nbg.de<\/a><br \/>\ne-mail:\u00a0<a href=\"mailto:beratungsstelle@frauenhaus-nbg.de\">beratungsstelle@frauenhaus-nbg.de<\/a><br \/>\n<a class=\"download\" title=\"\" href=\"https:\/\/www.frauen-in-nuernberg.de\/fileadmin\/Redakteure_Upload\/folder_beratung_EFA_Pfade_fg.pdf\">InfoFlyer.pdf<\/a><\/p>\n<p class=\"align-left\"><span style=\"color: #b2167f;\"><strong>FR<\/strong><\/span><span style=\"color: #b2167f;\"><strong><img loading=\"lazy\" decoding=\"async\" class=\"wp-image-550 alignleft\" src=\"https:\/\/www.frauen-in-nuernberg.de\/wp-content\/uploads\/2019\/08\/FidEW-logo.png\" alt=\"\" width=\"77\" height=\"85\" \/><\/strong><\/span><span style=\"color: #b2167f;\"><strong>AUEN IN DER EINEN WELT<\/strong><\/span><br \/>\nZentrum f\u00fcr interkulturelle Frauenalltagsforschung und internationalen Austausch e.V.<br \/>\nPostfach 21 04 21, 90122 N\u00fcrnberg, Tel. 0911\/598 07 69<br \/>\nTr\u00e4gerin des<span style=\"color: #b2167f;\"><strong><img loading=\"lazy\" decoding=\"async\" class=\"wp-image-551 alignright\" src=\"https:\/\/www.frauen-in-nuernberg.de\/wp-content\/uploads\/2019\/08\/FrauenMuseum-logo.png\" alt=\"\" width=\"86\" height=\"92\" \/><\/strong><\/span><br \/>\n<span style=\"color: #b2167f;\"><strong>Museum Frauenkultur Regional &#8211; Internationa<\/strong><\/span><span style=\"color: #b2167f;\"><strong>l<\/strong><\/span><br \/>\nUmzug ab Juni 2025 in die Hirschenstra\u00dfe 16, 90762 F\u00fcrth<br \/>\nInternet:\u00a0<a class=\"external-link-new-window\" title=\"\" href=\"http:\/\/www.frauenindereinenwelt.de\/\" target=\"_blank\" rel=\"noopener\">www.frauenindereinenwelt.de<\/a><a class=\"external-link-new-window\" title=\"\" href=\"http:\/\/www.frauenindereinenwelt.de\/\" target=\"_blank\" rel=\"noopener\">\u00a0\u00a0<\/a><\/p>\n<p class=\"bodytext\"><strong><br \/>\n<img loading=\"lazy\" decoding=\"async\" class=\"alignnone wp-image-483\" src=\"https:\/\/www.frauen-in-nuernberg.de\/wp-content\/uploads\/2019\/07\/FrauenBeratLogo-300x82.jpg\" alt=\"\" width=\"213\" height=\"58\" srcset=\"https:\/\/www.frauen-in-nuernberg.de\/wp-content\/uploads\/2019\/07\/FrauenBeratLogo-300x82.jpg 300w, https:\/\/www.frauen-in-nuernberg.de\/wp-content\/uploads\/2019\/07\/FrauenBeratLogo-768x210.jpg 768w, https:\/\/www.frauen-in-nuernberg.de\/wp-content\/uploads\/2019\/07\/FrauenBeratLogo-1024x280.jpg 1024w, https:\/\/www.frauen-in-nuernberg.de\/wp-content\/uploads\/2019\/07\/FrauenBeratLogo.jpg 1571w\" sizes=\"auto, (max-width: 213px) 100vw, 213px\" \/><span style=\"color: #b2167f;\">frauenBeratung n\u00fcrnberg\u00a0<\/span><\/strong><span style=\"color: #b2167f;\"><strong>e.V.<\/strong><\/span><strong><br \/>\n<\/strong>Beratungsstelle und Fachzentrum f\u00fcr Frauen mit sexuellen Gewalterfahrungen,<br \/>\nLorenzer Platz 10 (Lorenzer Pfarrhof), 90402 N\u00fcrnber, Tel. 0911\/28 44 00<br \/>\nInternet:\u00a0<a class=\"external-link-new-window\" title=\"\" href=\"http:\/\/www.frauenberatung-nuernberg.de\/\" target=\"_blank\" rel=\"noopener\">www.frauenberatung-nuernberg.de<\/a><\/p>\n<p class=\"bodytext\"><span style=\"color: #b2167f;\"><strong>Frauenverband COURAGE N\u00fcrnberg\u00a0<\/strong><\/span><br \/>\nc\/o Nachbarschaftshaus Gostenhof, 90429 N\u00fcrnberg, Tel. 0911\/31 30 414<\/p>\n<p class=\"bodytext\"><strong><span style=\"color: #b2167f;\">FrauenZimmer<\/span><br \/>\n<\/strong>Tagestreff f\u00fcr Frauen<br \/>\nHessestra\u00dfe 10, 90443 N\u00fcrnberg, Tel. 0911\/26 69 56<br \/>\nInternet:\u00a0<a class=\"external-link-new-window\" title=\"\" href=\"http:\/\/www.frauenzimmer-nuernberg.de\/\" target=\"_blank\" rel=\"noopener\">www.frauenzimmer-nuernberg.de<\/a><\/p>\n<p class=\"bodytext\"><strong><span style=\"color: #b2167f;\">IMEDANA e.V. &#8211; Rosa Asyl<\/span><br \/>\n<\/strong>Treffpunkt, Beratung und Bildung f\u00fcr Fl\u00fcchtlingsfrauen und ihre Kinder<br \/>\nZickstra\u00dfe 8 \/ Ecke F\u00fcrther Stra\u00dfe, 90429 N\u00fcrnberg,<br \/>\nTel. 0911\/43 14 719, Fax 0911\/ 43 14 708<br \/>\nInternet:\u00a0<a class=\"external-link-new-window\" title=\"\" href=\"http:\/\/www.internationales-frauencafe.de\/\" target=\"_blank\" rel=\"noopener\">www.internationales-frauencafe.de<br \/>\n<\/a><\/p>\n<p class=\"bodytext\"><span style=\"color: #b2167f;\"><strong><img loading=\"lazy\" decoding=\"async\" class=\"wp-image-573 alignleft\" src=\"https:\/\/www.frauen-in-nuernberg.de\/wp-content\/uploads\/2019\/08\/IFMZ-300x212.jpg\" alt=\"\" width=\"121\" height=\"85\" srcset=\"https:\/\/www.frauen-in-nuernberg.de\/wp-content\/uploads\/2019\/08\/IFMZ-300x212.jpg 300w, https:\/\/www.frauen-in-nuernberg.de\/wp-content\/uploads\/2019\/08\/IFMZ-768x543.jpg 768w, https:\/\/www.frauen-in-nuernberg.de\/wp-content\/uploads\/2019\/08\/IFMZ-1024x724.jpg 1024w\" sizes=\"auto, (max-width: 121px) 100vw, 121px\" \/>Internationales Frauen- und M\u00e4dchenzentrum<\/strong><\/span><strong><span style=\"color: #b2167f;\">\u00a0e.V.<\/span><br \/>\n<\/strong>Bildung, Beratung, Freizeit und Kommunikation<br \/>\nDenisstra\u00dfe 25, 90429 N\u00fcrnberg, Tel. 0911\/26 91 76<br \/>\ne-mail:\u00a0<a href=\"mailto:info@ifmz.de\">info@ifmz.de<\/a> \/ Internet:\u00a0<a class=\"external-link-new-window\" title=\"\" href=\"http:\/\/www.ifmz.de\/\" target=\"_blank\" rel=\"noopener\">www.ifmz.de<\/a><\/p>\n<p class=\"bodytext\"><strong><span style=\"color: #b2167f;\"><img loading=\"lazy\" decoding=\"async\" class=\"wp-image-556 alignleft\" src=\"https:\/\/www.frauen-in-nuernberg.de\/wp-content\/uploads\/2019\/08\/invia-logo.jpg\" alt=\"\" width=\"77\" height=\"77\" srcset=\"https:\/\/www.frauen-in-nuernberg.de\/wp-content\/uploads\/2019\/08\/invia-logo.jpg 160w, https:\/\/www.frauen-in-nuernberg.de\/wp-content\/uploads\/2019\/08\/invia-logo-150x150.jpg 150w\" sizes=\"auto, (max-width: 77px) 100vw, 77px\" \/><\/span><\/strong><strong><span style=\"color: #b2167f;\">IN VIA KOFIZA<\/span><br \/>\n<\/strong><strong>K<\/strong><strong>O<\/strong>ntakt-,<strong>\u00a0F<\/strong>\u00f6rderungs- und\u00a0<strong>I<\/strong>ntegrations<strong>Z<\/strong>entrum f\u00fcr\u00a0<strong>a<\/strong>u\u00dfereurop\u00e4ische Frauen und deren Familien<br \/>\nHarmoniestra\u00dfe 16, 90489 N\u00fcrnberg, Tel. 0911\/58 68 69 20<br \/>\nInternet:\u00a0<a class=\"external-link-new-window\" title=\"\" href=\"http:\/\/www.invia-nuernberg.de\/\" target=\"_blank\" rel=\"noopener\">www.invia-nuernberg.de<\/a><\/p>\n<p class=\"bodytext\"><strong><br \/>\n<img loading=\"lazy\" decoding=\"async\" class=\"alignnone wp-image-487\" src=\"https:\/\/www.frauen-in-nuernberg.de\/wp-content\/uploads\/2019\/07\/Logo-Jadwiga-RGB-300x64.jpg\" alt=\"\" width=\"145\" height=\"31\" srcset=\"https:\/\/www.frauen-in-nuernberg.de\/wp-content\/uploads\/2019\/07\/Logo-Jadwiga-RGB-300x64.jpg 300w, https:\/\/www.frauen-in-nuernberg.de\/wp-content\/uploads\/2019\/07\/Logo-Jadwiga-RGB-768x164.jpg 768w, https:\/\/www.frauen-in-nuernberg.de\/wp-content\/uploads\/2019\/07\/Logo-Jadwiga-RGB-1024x218.jpg 1024w, https:\/\/www.frauen-in-nuernberg.de\/wp-content\/uploads\/2019\/07\/Logo-Jadwiga-RGB.jpg 1507w\" sizes=\"auto, (max-width: 145px) 100vw, 145px\" \/>\u00a0\u00a0\u00a0\u00a0\u00a0 <span style=\"color: #b2167f;\">JadwiGa N\u00fcrnberg<\/span><br \/>\n<\/strong>Fachbberatungsstelle &#8211; Stop dem Frauenhandel<br \/>\nNeu: Innere Laufer Gasse 18, 90403 N\u00fcrnberg, Tel. 0911\/43 10 656<br \/>\nInternet:\u00a0<a class=\"external-link-new-window\" title=\"\" href=\"http:\/\/www.jadwiga-online.de\/\" target=\"_blank\" rel=\"noopener\">www.jadwiga-online.de<\/a><\/p>\n<p class=\"bodytext\"><strong><span style=\"color: #b2167f;\"><img loading=\"lazy\" decoding=\"async\" class=\"wp-image-549 alignleft\" src=\"https:\/\/www.frauen-in-nuernberg.de\/wp-content\/uploads\/2019\/08\/Kassandra-logo-rot-300x224.png\" alt=\"\" width=\"99\" height=\"74\" srcset=\"https:\/\/www.frauen-in-nuernberg.de\/wp-content\/uploads\/2019\/08\/Kassandra-logo-rot-300x224.png 300w, https:\/\/www.frauen-in-nuernberg.de\/wp-content\/uploads\/2019\/08\/Kassandra-logo-rot-768x573.png 768w, https:\/\/www.frauen-in-nuernberg.de\/wp-content\/uploads\/2019\/08\/Kassandra-logo-rot-1024x764.png 1024w, https:\/\/www.frauen-in-nuernberg.de\/wp-content\/uploads\/2019\/08\/Kassandra-logo-rot.png 1520w\" sizes=\"auto, (max-width: 99px) 100vw, 99px\" \/><\/span><\/strong><strong><span style=\"color: #b2167f;\">KASSANDRA e.V.<\/span><br \/>\n<\/strong>Beratungsstelle f\u00fcr Prostituierte &#8211; Ansprechpartnerin f\u00fcr Sexarbeit &#8211; Caf\u00e9 &amp; Treffpunkt &#8211; Selbsthilfe<br \/>\nDr.-Kurt-Schumacher-Stra\u00dfe 21, 2.OG, 90402 N\u00fcrnberg,<br \/>\nTel. 0911-37 65 277\u00a0 &#8211;\u00a0 Internet:\u00a0<a class=\"external-link-new-window\" title=\"\" href=\"http:\/\/www.kassandra-nbg.de\/\" target=\"_blank\" rel=\"noopener\">www.kassandra-nbg.de<\/a><\/p>\n<p class=\"bodytext\"><strong><span style=\"color: #b2167f;\"><br \/>\nLILITH e.V.<\/span><\/strong><img loading=\"lazy\" decoding=\"async\" class=\"wp-image-552 alignright\" src=\"https:\/\/www.frauen-in-nuernberg.de\/wp-content\/uploads\/2019\/08\/Lilith-Logo-300x211.jpg\" alt=\"\" width=\"175\" height=\"123\" srcset=\"https:\/\/www.frauen-in-nuernberg.de\/wp-content\/uploads\/2019\/08\/Lilith-Logo-300x211.jpg 300w, https:\/\/www.frauen-in-nuernberg.de\/wp-content\/uploads\/2019\/08\/Lilith-Logo-768x541.jpg 768w, https:\/\/www.frauen-in-nuernberg.de\/wp-content\/uploads\/2019\/08\/Lilith-Logo-1024x722.jpg 1024w\" sizes=\"auto, (max-width: 175px) 100vw, 175px\" \/><br \/>\nDrogenhilfe f\u00fcr Frauen und Kinder<br \/>\n<strong>Liliput\u00a0<\/strong>\u2013 Beratung f\u00fcr Mutter und Kind<br \/>\nBogenstra\u00dfe 30, 90459 N\u00fcrnberg,<br \/>\nTel. 0911\/47 22 18<br \/>\n<strong><span style=\"color: #b2167f;\">Liliths Secondhand Laden f\u00fcr Damenmode<\/span><br \/>\n<\/strong>Jakobstra\u00dfe 21, 90402 N\u00fcrnberg, Tel. 0911\/24 46 777<br \/>\nInternet:\u00a0<a class=\"external-link-new-window\" title=\"\" href=\"http:\/\/www.lilith-ev.de\/\" target=\"_blank\" rel=\"noopener\">www.lilith-ev.de<\/a><\/p>\n<p class=\"bodytext\"><strong><img loading=\"lazy\" decoding=\"async\" class=\"alignleft wp-image-488\" src=\"https:\/\/www.frauen-in-nuernberg.de\/wp-content\/uploads\/2019\/07\/m\u00e4dchentreff-Logo.jpeg-217x300.jpg\" alt=\"\" width=\"73\" height=\"101\" srcset=\"https:\/\/www.frauen-in-nuernberg.de\/wp-content\/uploads\/2019\/07\/m\u00e4dchentreff-Logo.jpeg-217x300.jpg 217w, https:\/\/www.frauen-in-nuernberg.de\/wp-content\/uploads\/2019\/07\/m\u00e4dchentreff-Logo.jpeg.jpg 507w\" sizes=\"auto, (max-width: 73px) 100vw, 73px\" \/><\/strong><strong><span style=\"color: #b2167f;\">M\u00c4DCHENTREFF e.V.<\/span><br \/>\n<\/strong>Bildung\u00a0&#8211; Beratung &#8211; Vergn\u00fcgen<br \/>\nGeorgstra\u00dfe 5, 90439 N\u00fcrnberg, Tel. 0911\/658 81 93<br \/>\nInternet:\u00a0<a class=\"external-link-new-window\" title=\"\" href=\"http:\/\/www.maedchentreff.de\/\" target=\"_blank\" rel=\"noopener\">www.maedchentreff.de<\/a><\/p>\n<p class=\"bodytext\"><strong><img loading=\"lazy\" decoding=\"async\" class=\"alignnone wp-image-490\" src=\"https:\/\/www.frauen-in-nuernberg.de\/wp-content\/uploads\/2019\/07\/Wildwasser_Logo_einfarbig_4c-300x104.jpg\" alt=\"\" width=\"200\" height=\"69\" srcset=\"https:\/\/www.frauen-in-nuernberg.de\/wp-content\/uploads\/2019\/07\/Wildwasser_Logo_einfarbig_4c-300x104.jpg 300w, https:\/\/www.frauen-in-nuernberg.de\/wp-content\/uploads\/2019\/07\/Wildwasser_Logo_einfarbig_4c-768x266.jpg 768w, https:\/\/www.frauen-in-nuernberg.de\/wp-content\/uploads\/2019\/07\/Wildwasser_Logo_einfarbig_4c.jpg 852w\" sizes=\"auto, (max-width: 200px) 100vw, 200px\" \/><span style=\"color: #b2167f;\">WILDWASSER N\u00fcrnberg e.V.<\/span><br \/>\n<\/strong>Fachberatungsstelle f\u00fcr M\u00e4dchen und Frauen gegen sexuellen Mi\u00dfbrauch und sexualisierte Gewalt<br \/>\nR\u00fcckertstra\u00dfe 1, 90419 N\u00fcrnberg, Tel. 0911\/33 13 30<br \/>\nInternet:\u00a0<a class=\"external-link-new-window\" title=\"\" href=\"http:\/\/www.wildwasser-nuernberg.de\/\" target=\"_blank\" rel=\"noopener\">www.wildwasser-nuernberg.de<\/a><\/p>\n<\/div>\n","protected":false},"excerpt":{"rendered":"<p>\u00a0 AURA N\u00fcrnberg e.V. selbstst\u00e4rken &#8211; selbstbehaupten &#8211; selbstverteidigen Kurse \/ Information \/ Beratung von Frauen f\u00fcr Frauen und M\u00e4dchen, Glei\u00dfb\u00fchlstra\u00dfe 10, 90402 N\u00fcrnberg Tel. 0911\/28 46 29,\u00a0 Fax\u00a003212\/ 28 46 299 e-mail: info@aura-nuernberg.de Internet:\u00a0http:\/\/www.aura-nuernberg.de dick und d\u00fcnn N\u00fcrnberg e.V. Fachberatung bei Essst\u00f6rungen K\u00fchnertsgasse 24, 90402 N\u00fcrnberg, Tel. 0911\/47 17 11 Internet:\u00a0http:\/\/www.essstoerungen-mittelfranken.de FMGZ Frauen &amp; &hellip; <a href=\"https:\/\/www.frauen-in-nuernberg.de\/?page_id=12\" class=\"more-link\"><span class=\"screen-reader-text\">Von A bis Z<\/span> weiterlesen<\/a><\/p>\n","protected":false},"author":1,"featured_media":0,"parent":0,"menu_order":0,"comment_status":"closed","ping_status":"closed","template":"","meta":{"footnotes":""},"class_list":["post-12","page","type-page","status-publish","hentry"],"_links":{"self":[{"href":"https:\/\/www.frauen-in-nuernberg.de\/index.php?rest_route=\/wp\/v2\/pages\/12","targetHints":{"allow":["GET"]}}],"collection":[{"href":"https:\/\/www.frauen-in-nuernberg.de\/index.php?rest_route=\/wp\/v2\/pages"}],"about":[{"href":"https:\/\/www.frauen-in-nuernberg.de\/index.php?rest_route=\/wp\/v2\/types\/page"}],"author":[{"embeddable":true,"href":"https:\/\/www.frauen-in-nuernberg.de\/index.php?rest_route=\/wp\/v2\/users\/1"}],"replies":[{"embeddable":true,"href":"https:\/\/www.frauen-in-nuernberg.de\/index.php?rest_route=%2Fwp%2Fv2%2Fcomments&post=12"}],"version-history":[{"count":59,"href":"https:\/\/www.frauen-in-nuernberg.de\/index.php?rest_route=\/wp\/v2\/pages\/12\/revisions"}],"predecessor-version":[{"id":2204,"href":"https:\/\/www.frauen-in-nuernberg.de\/index.php?rest_route=\/wp\/v2\/pages\/12\/revisions\/2204"}],"wp:attachment":[{"href":"https:\/\/www.frauen-in-nuernberg.de\/index.php?rest_route=%2Fwp%2Fv2%2Fmedia&parent=12"}],"curies":[{"name":"wp","href":"https:\/\/api.w.org\/{rel}","templated":true}]}}