{"id":1107,"date":"2021-02-24T14:18:17","date_gmt":"2021-02-24T14:18:17","guid":{"rendered":"https:\/\/www.frauen-in-nuernberg.de\/?page_id=1107"},"modified":"2026-04-13T20:23:53","modified_gmt":"2026-04-13T20:23:53","slug":"frauenfilmtage-digital-2021","status":"publish","type":"page","link":"https:\/\/www.frauen-in-nuernberg.de\/?page_id=1107","title":{"rendered":"FrauenFilmTage"},"content":{"rendered":"<p><em><strong><img loading=\"lazy\" decoding=\"async\" class=\"wp-image-1802 size-medium alignleft\" src=\"https:\/\/www.frauen-in-nuernberg.de\/wp-content\/uploads\/2023\/03\/fft-generell-mitmufffin-filmhaus-300x169.png\" alt=\"\" width=\"300\" height=\"169\" srcset=\"https:\/\/www.frauen-in-nuernberg.de\/wp-content\/uploads\/2023\/03\/fft-generell-mitmufffin-filmhaus-300x169.png 300w, https:\/\/www.frauen-in-nuernberg.de\/wp-content\/uploads\/2023\/03\/fft-generell-mitmufffin-filmhaus-768x432.png 768w, https:\/\/www.frauen-in-nuernberg.de\/wp-content\/uploads\/2023\/03\/fft-generell-mitmufffin-filmhaus-1024x576.png 1024w, https:\/\/www.frauen-in-nuernberg.de\/wp-content\/uploads\/2023\/03\/fft-generell-mitmufffin-filmhaus.png 1920w\" sizes=\"auto, (max-width: 300px) 100vw, 300px\" \/><span style=\"color: #7e1587;\">Das M\u00e4dchen und Frauen FachForum in N\u00fcrnberg und das Filmhaus\u00a0 <\/span><\/strong>bieten<br \/>\nzu diversen Aktionstagen die M\u00f6glichkeit, au\u00dfergew\u00f6hnliche, engagierte Filme \u00fcber das Leben und Wirken von Frauen \u2013 national und international in Vergangenheit und Gegenwart \u2013 \u00a0zu entdecken.<br \/>\n<\/em><em>Bei den jeweils angebotenen Filmgespr\u00e4chen und Diskussionen mit Fachfrauen aus dem Netzwerk ergeben sich oft neue Perspektiven und wertvolle Kontakte.<\/em><\/p>\n<p><strong><span style=\"color: #b2167f;\">Seit 2025<\/span> hat das FilmhausKino N\u00fcrnberg die Regie und Organisation der M\u00e4rz-FrauenFilmTage \u00fcbernommen und zeigt j\u00e4hrlich im Frauenmonat M\u00e4rz <\/strong><strong>die <span style=\"color: #b2167f;\">Feministischen FilmTage<\/span>. Beteiligt sind mehrere Organisationen und Vereine, diese suchen die Filme aus und begleiten die Vorstellungen mit einem speziellen Beiprogramm.<\/strong><br \/>\n<a href=\"http:\/\/www.kunstkulturquartier.de\/filmhaus\/programm\/schwerpunkte\/feministische-filmtage-2026\" target=\"_blank\" rel=\"noopener\">www.kunstkulturquartier.de\/filmhaus\/programm\/schwerpunkte\/feministische-filmtage-2026<\/a><\/p>\n<h3><strong>Filme &amp; Termine\u00a0 &#8211;\u00a0 Chronik<\/strong><\/h3>\n<p><strong><span style=\"color: #b2167f;\">So 15.03.2026<\/span>, <\/strong><strong>17:00 Uhr \u2013<span style=\"color: #b2167f;\"> Film NO MERCY<\/span><\/strong> &#8211; Ein energiegeladener Trip durch das revolution\u00e4re Filmschaffen von Frauen \u2013 direkt, sinnlich und unbequem.<br \/>\n<strong>Ort: <\/strong><span lang=\"zxx\">Filmhaus N\u00fcrnberg, <\/span><span lang=\"zxx\">K\u00f6nigstr<\/span><span lang=\"zxx\">a\u00dfe<\/span><span lang=\"zxx\"> 93, N\u00fcrnberg<br \/>\n<a href=\"https:\/\/www.frauen-in-nuernberg.de\/wp-content\/uploads\/2026\/03\/15-03-2026-MuFFFiN-FilmTag-Einladung2.pdf\" target=\"_blank\" rel=\"noopener\">MuFFFiN-FilmTag-Einladung<\/a><\/span><strong>\u00a0 &#8211;\u00a0 ab 16:00 Uhr <\/strong><strong>Empfang und Begr\u00fc\u00dfung vom M\u00e4dchen und Frauen FachForum in N\u00fcrnberg<\/strong> mit Kaffee, Tee und Geb\u00e4ck.<\/p>\n<p><span style=\"color: #b2167f;\"><em><strong>Zum Internationalen Weltfrauentag 2023!<br \/>\n<\/strong><\/em><\/span><em><strong>Di. 07.03.2023, 18:30 Uhr &#8211; im FilmhausKino N\u00fcrnberg<br \/>\n<span style=\"color: #b2167f;\">ERICA JONG &#8211; BREAKING THE WALL\u00a0 \/\u00a0 Dokumentarfilm<\/span><br \/>\n<\/strong><\/em>(CH 2022, Regie Kaspar Casics)<br \/>\nAnschlie\u00df. Diskussion mit Steffi Walter, Leiterin der Beratungsstelle Frauenhaus<em><strong><br \/>\n<\/strong><\/em><a href=\"https:\/\/www.frauen-in-nuernberg.de\/wp-content\/uploads\/2023\/03\/Flyer_BreakingTheWall-3.pdf\" target=\"_blank\" rel=\"noopener\">Filmbeschreibung<\/a><\/p>\n<p><span style=\"color: #b2167f;\"><strong>Agenda 30 Kino<\/strong><\/span><br \/>\n<em><strong>So. 12.03.2023, 11:30 Uhr &#8211; im Casablanca Filmkunsttheater N\u00fcrnberg<\/strong><\/em><br \/>\n<span style=\"color: #b2167f;\"><em><strong>MEIN NAME IST KLITORIS<\/strong>\u00a0 \/\u00a0 Dokumentarfilm B 2019<\/em><\/span><br \/>\nRegie Lisa Billuart, Daphn\u00e9 Leblond<br \/>\nAnschl. Diskussion mit Fachfrauen vom FMGZ &#8211; Frauen &amp; M\u00e4dchen Gesindheitszentrum N\u00fcrnberg e.V.<br \/>\n<a href=\"https:\/\/www.frauen-in-nuernberg.de\/wp-content\/uploads\/2023\/03\/Flyer_MeinNameIstKlitoris.pdf\" target=\"_blank\" rel=\"noopener\">Filmbeschreibung<\/a><\/p>\n<p><em><strong><span style=\"color: #7e1587;\"><span style=\"color: #b2167f;\">Internationaler Weltfrauentag 2022!<br \/>\n<\/span><\/span><\/strong><\/em><em><strong>Di. 08.03.2022,\u00a0 19:00 Uhr<\/strong><\/em><em><strong> &#8211;\u00a0 im FilmhausKino<\/strong><\/em><em><strong><br \/>\n<\/strong><\/em><span style=\"color: #7e1587;\"><strong>DIE ALLSEITIG REDUZIERTE PERS\u00d6NLICHKEIT \u2013 REDUPERS<\/strong><\/span><em><span style=\"color: #7e1587;\"><strong><br \/>\n<\/strong><\/span><\/em>Von Helke Sander, Regisseurin des ersten feministischen Films der Bundesrepublik. Film und Autorin erhielten mehrere internationale Preise.<br \/>\nAnschl. Diskussion mit <strong>Prof. Dr. Gaby Franger, Frauen in der Einen Welt<br \/>\n<\/strong><span style=\"color: #b2167f;\"><strong><a href=\"https:\/\/www.frauen-in-nuernberg.de\/wp-content\/uploads\/2022\/02\/FFT-2022-Helke-Sander-A4-2.pdf\" target=\"_blank\" rel=\"noopener\">Filmbeschreibung<\/a><\/strong><\/span> \/\u00a0 <a href=\"https:\/\/www.helke-sander.de\/\" target=\"_blank\" rel=\"noopener\">https:\/\/www.helke-sander.de\/<\/a><\/p>\n<p><span dir=\"ltr\" role=\"presentation\">Ebenfalls in der frisch restaurierten digitalen Fassung sind im<\/span> <strong><em><span dir=\"ltr\" style=\"color: #7e1587;\" role=\"presentation\">Filmhaus-kino3<\/span><\/em> <span dir=\"ltr\" style=\"color: #b2167f;\" role=\"presentation\">zwei weitere Filme <\/span><\/strong><span dir=\"ltr\" role=\"presentation\"><span style=\"color: #b2167f;\"><strong>von Helke Sander<\/strong><\/span> zu sehen:<\/span> <strong><span dir=\"ltr\" role=\"presentation\">BEFREIER UND BEFREITE<\/span><\/strong> <span dir=\"ltr\" role=\"presentation\">(ab 10.03.)<\/span><span dir=\"ltr\" role=\"presentation\">, den sie 1992 nach achtj\u00e4hriger <\/span><span dir=\"ltr\" role=\"presentation\">Forschungsarbeit \u00fcber das Tabuthema Vergewaltigung im Krieg ver\u00f6ffentlichte und<\/span> <strong><span dir=\"ltr\" role=\"presentation\">DER <\/span><span dir=\"ltr\" role=\"presentation\">SUBJEKTIVE FAKTOR<\/span><\/strong> <span dir=\"ltr\" role=\"presentation\">(ab 17.03.)<\/span><span dir=\"ltr\" role=\"presentation\">, der die Entstehung der Frauenbewegung behandelt und 1981 in <\/span><span dir=\"ltr\" role=\"presentation\">Venedig ausgezeichnet wurde.<\/span><\/p>\n<p><span dir=\"ltr\" role=\"presentation\">Filmhaus\/Programm: <a href=\"https:\/\/www.kunstkulturquartier.de\/filmhaus\" target=\"_blank\" rel=\"noopener\">https:\/\/www.kunstkulturquartier.de\/filmhaus<\/a><br \/>\nBesondere geltende Bestimmungen <\/span><span dir=\"ltr\" role=\"presentation\">in Folge der CoVid-19-Pandemie <\/span><span dir=\"ltr\" role=\"presentation\">siehe: <\/span><a href=\"https:\/\/www.kunstkulturquartier.de\/filmhaus\/service\/tickets\" target=\"_blank\" rel=\"noopener\"><span dir=\"ltr\" role=\"presentation\">https:\/\/www.kunstkulturquartier.de\/filmhaus\/service\/tickets<\/span><\/a><\/p>\n<p><span style=\"color: #7e1587;\"><span style=\"color: #b201b8;\"><strong><br \/>\nErfolgreich gezeigt wurden trotz Einschr\u00e4nkungen die<br \/>\n9. Frauenfilmtage 2021<\/strong><\/span> &#8211; digital und in Pr\u00e4senz &#8230;<\/span><\/p>\n<p><img loading=\"lazy\" decoding=\"async\" class=\"wp-image-1129 aligncenter\" src=\"https:\/\/www.frauen-in-nuernberg.de\/wp-content\/uploads\/2021\/02\/fft-digital-banner-frauenseite3.png\" alt=\"\" width=\"390\" height=\"111\" srcset=\"https:\/\/www.frauen-in-nuernberg.de\/wp-content\/uploads\/2021\/02\/fft-digital-banner-frauenseite3.png 1300w, https:\/\/www.frauen-in-nuernberg.de\/wp-content\/uploads\/2021\/02\/fft-digital-banner-frauenseite3-300x85.png 300w, https:\/\/www.frauen-in-nuernberg.de\/wp-content\/uploads\/2021\/02\/fft-digital-banner-frauenseite3-768x219.png 768w, https:\/\/www.frauen-in-nuernberg.de\/wp-content\/uploads\/2021\/02\/fft-digital-banner-frauenseite3-1024x291.png 1024w\" sizes=\"auto, (max-width: 390px) 100vw, 390px\" \/><\/p>\n<p style=\"text-align: left;\">Unsere Festivalfilme machen einerseits auf die Schwerpunkte der Arbeit der im Netzwerk zusammengeschlossenen Initiativen und Einrichtungen aufmerksam, zeigen aber auch Entwicklungen der Frauenbewegung im Kontext der Geschichte auf.<br \/>\nDas <em>M\u00e4dchen und Frauen FachForum<\/em> organisiert in Zusamenarbeit mit dem Filmhaus alle zwei Jahre im Frauenmonat M\u00e4rz die FrauenFilmTage \u00fcber eine Woche hinweg, sie sind inzwischen Tradition.\u2028 Gezeigt werden speziell ausgesuchte Spielfilme und Dokumentationen, bevorzugt von Autorinnen, Regisseurinnen und Filmemacherinnen. Filme mit offenem oder verstecktem feministischen Hintergrund, Filme \u00fcber Frauen in au\u00dfergew\u00f6hnlichen Lebens- und Arbeits-situationen, k\u00e4mpferische Frauen die strukturelle Ver\u00e4nderungen herbeif\u00fchrten und -f\u00fchren in Politik und Gesellschaft.<br \/>\nBei den jeweils angebotenen Filmgespr\u00e4chen mit Fachfrauen ergeben sich oft neue interessante Perspektiven und wertvolle Kontakte.<br \/>\n<span style=\"color: #7e1587;\">Gezeigt wurden im M\u00e4rz vier Filme <\/span><span style=\"color: #7e1587;\">digital <\/span><span style=\"color: #7e1587;\">:<\/span><br \/>\n<strong>DIE DOHNAL\u00a0 \/\u00a0 <\/strong><strong>WIR K\u00c4MPFEN F\u00dcR JEDE EINZELNE FRAU\u00a0 \/\u00a0 <\/strong><br \/>\n<strong>ANGST HAB ICH KEINE \u2013 REGINA KIWANUKA\u00a0 \/\u00a0 <\/strong><strong>GOD EXISTS, HER NAME IS PETRUNYA \u00a0 &#8211;\u00a0 \u00a0<\/strong> <a href=\"https:\/\/www.frauen-in-nuernberg.de\/wp-content\/uploads\/2021\/02\/FFT21-Filmbeschreibungen.pdf\" target=\"_blank\" rel=\"noopener\">FFT21-Filmbeschreibungen<\/a><\/p>\n<p><span style=\"color: #7e1587;\">Und als <strong>Fortsetzung in Pr\u00e4senz:<\/strong><br \/>\n<\/span><strong>20.09.2021 &#8211;\u00a0 &#8222;Die sichere Geburt &#8211; wozu Hebammen&#8220; <\/strong><a href=\"https:\/\/www.frauen-in-nuernberg.de\/wp-content\/uploads\/2021\/08\/FFT-2021-Die-sichere-Geburt-1.pdf\" target=\"_blank\" rel=\"noopener\">Film-Beschreibung und Info<\/a><br \/>\n<strong>11.10.2021 &#8211;\u00a0 <\/strong><strong>\u201eRBG \u2013 Ein Leben f\u00fcr die Gerechtigkeit\u201c<\/strong> <a href=\"https:\/\/www.frauen-in-nuernberg.de\/wp-content\/uploads\/2021\/08\/FFT-2021-RBG-Text-2.pdf\" target=\"_blank\" rel=\"noopener\">Film-Beschreibung und Info<\/a><\/p>\n<p><span style=\"color: #b201b8;\">Zum Internationalen Tag gegen Gewalt an Frauen und M\u00e4dchen zeigten wir zwei Filme von starken und mutigen Frauen:<\/span><strong><br \/>\n08.11.2021 &#8211; &#8222;OVARIAN PSYCOS&#8220; <\/strong><a href=\"https:\/\/www.frauen-in-nuernberg.de\/wp-content\/uploads\/2021\/09\/FFT-2021-ovarian-flyer-fin.pdf\" target=\"_blank\" rel=\"noopener\">Filmbeschreibung und Info<\/a><strong><br \/>\n14.11.2021 &#8211; &#8222;DIE PAZIFISTIN. Gertrud Woker \u2013 Eine vergessene Heldin (1878-1968)&#8220;\u00a0 <\/strong><a href=\"https:\/\/www.frauen-in-nuernberg.de\/wp-content\/uploads\/2021\/10\/DIE-PAZIFISTIN-Film-Flyer-fin.pdf\" target=\"_blank\" rel=\"noopener\">Filmbeschreibung<\/a><\/p>\n<p>Die FrauenFilmTage vom MuFFFiN gibt es schon seit 2004, die Chronik aus den Vorjahren ist z.Zt. noch unter &#8222;Aktivit\u00e4ren&#8220; zu finden.<\/p>\n<p style=\"text-align: center;\"><span style=\"color: #7e1587;\">Unterst\u00fctzt werden die FrauenFilmTage von<\/span><br \/>\n<span style=\"color: #7e1587;\"><strong>B\u00fcrgermeisterin Prof. Dr. Julia Lehner<\/strong>, Gesch\u00e4ftsbereich Kultur<br \/>\nund von <a href=\"https:\/\/www.nuernberg.de\/internet\/agenda21\/\" target=\"_blank\" rel=\"noopener\"><span style=\"color: #7e1587;\"><strong>AGENDA 21<\/strong><\/span><\/a> N\u00fcrnberg.<\/span><\/p>\n<p>&nbsp;<\/p>\n","protected":false},"excerpt":{"rendered":"<p>Das M\u00e4dchen und Frauen FachForum in N\u00fcrnberg und das Filmhaus\u00a0 bieten zu diversen Aktionstagen die M\u00f6glichkeit, au\u00dfergew\u00f6hnliche, engagierte Filme \u00fcber das Leben und Wirken von Frauen \u2013 national und international in Vergangenheit und Gegenwart \u2013 \u00a0zu entdecken. Bei den jeweils angebotenen Filmgespr\u00e4chen und Diskussionen mit Fachfrauen aus dem Netzwerk ergeben sich oft neue Perspektiven und &hellip; <a href=\"https:\/\/www.frauen-in-nuernberg.de\/?page_id=1107\" class=\"more-link\"><span class=\"screen-reader-text\">FrauenFilmTage<\/span> weiterlesen<\/a><\/p>\n","protected":false},"author":2,"featured_media":0,"parent":0,"menu_order":0,"comment_status":"closed","ping_status":"closed","template":"","meta":{"footnotes":""},"class_list":["post-1107","page","type-page","status-publish","hentry"],"_links":{"self":[{"href":"https:\/\/www.frauen-in-nuernberg.de\/index.php?rest_route=\/wp\/v2\/pages\/1107","targetHints":{"allow":["GET"]}}],"collection":[{"href":"https:\/\/www.frauen-in-nuernberg.de\/index.php?rest_route=\/wp\/v2\/pages"}],"about":[{"href":"https:\/\/www.frauen-in-nuernberg.de\/index.php?rest_route=\/wp\/v2\/types\/page"}],"author":[{"embeddable":true,"href":"https:\/\/www.frauen-in-nuernberg.de\/index.php?rest_route=\/wp\/v2\/users\/2"}],"replies":[{"embeddable":true,"href":"https:\/\/www.frauen-in-nuernberg.de\/index.php?rest_route=%2Fwp%2Fv2%2Fcomments&post=1107"}],"version-history":[{"count":137,"href":"https:\/\/www.frauen-in-nuernberg.de\/index.php?rest_route=\/wp\/v2\/pages\/1107\/revisions"}],"predecessor-version":[{"id":2424,"href":"https:\/\/www.frauen-in-nuernberg.de\/index.php?rest_route=\/wp\/v2\/pages\/1107\/revisions\/2424"}],"wp:attachment":[{"href":"https:\/\/www.frauen-in-nuernberg.de\/index.php?rest_route=%2Fwp%2Fv2%2Fmedia&parent=1107"}],"curies":[{"name":"wp","href":"https:\/\/api.w.org\/{rel}","templated":true}]}}